0*i - d*q - 18. Is 6 a factor of i?
True
Suppose -c = -3*p - 11, -4*p = 3*c + 21 - 2. Let u(h) = -67*h + 3. Does 11 divide u(c)?
False
Suppose -3*d - 119 + 350 = 0. Suppose -h + d = 2*v - v, 47 = v - 5*h. Is v a multiple of 9?
True
Is ((-24531)/85 - 3)/(2/(-20)) a multiple of 18?
True
Suppose 0 = -3*f - 5*i - 2, -22 = 4*f + 6*i - 9*i. Let v = 22 - 16. Is 21 a factor of 2 - v*26/f?
False
Suppose -6 = -12*c + 9*c. Is (-4800)/(-16)*c/4 a multiple of 17?
False
Suppose -3*x = 6*x - 162. Let u = 118 - x. Does 22 divide u?
False
Let w = -20 - -22. Suppose 0 = 3*f - 2*l - 224, 3*f + 6*l = w*l + 254. Is f a multiple of 41?
False
Let a(f) = f**2 - 6*f - 3. Let m be a(8). Suppose m*v = -823 + 4723. Is 35 a factor of v?
False
Let o(t) = t**2 - 22*t - 61. Is o(28) a multiple of 15?
False
Let l be (-100)/12 - (2 + 21/(-9)). Let s(q) = q**2 + q - 8. Is 12 a factor of s(l)?
True
Let y = -23 + 23. Let g = y - -4. Suppose 3*j + 47 + 59 = 5*c, -g*c + 84 = -2*j. Does 5 divide c?
True
Suppose 3*p - 2*p = 5*y - 13, -4*p + 8 = 0. Suppose -t = y - 2, 285 = 4*j - 5*t. Is 14 a factor of j?
True
Let l be (-4)/(-14) - (-26)/7. Does 13 divide -31*(1 - (1 + l))?
False
Suppose 3*l - m = -3*m - 20, 2*l - 3*m = -35. Let b(c) = 2*c**3 + 20*c**2 - 2*c - 14. Let g be b(l). Suppose 4*d = g*d - 40. Is 5 a factor of d?
True
Suppose 55*y - 46*y - 1602 = 0. Is y a multiple of 80?
False
Is 52 a factor of 20986/35 + 1/((-5)/(-2))?
False
Let f = 375 + -253. Suppose -f = -3*k + g + 161, -2*k = -2*g - 182. Suppose k + 6 = 3*m. Is m a multiple of 7?
False
Suppose 34*n = 103*n - 46851. Is n a multiple of 9?
False
Suppose 7*m - 3*t = 2*m + 1182, 5*t - 1150 = -5*m. Is 19 a factor of m?
False
Suppose 5*g - 2 = 13. Suppose -g*a = 8 + 7. Let m(p) = -p**2 - 13*p - 5. Is m(a) a multiple of 14?
False
Let s = -607 - -1399. Is 14 a factor of s?
False
Let x = 17 - 15. Suppose -171 + 3 = -x*s. Is 15 a factor of s?
False
Let v be (-30)/(-5)*3/9. Suppose 4*k = 4*j + 580, j + v*j = -4*k + 594. Does 21 divide k?
True
Let p(c) = -c**3 - 9*c**2 + 23. Is 4 a factor of p(-9)?
False
Suppose -s + 21 = -11. Suppose 0 = -b + s + 42. Let p = b - 35. Does 13 divide p?
True
Let m = 41 - -56. Let y = 49 - m. Is 2 a factor of 1/2 - 360/y?
True
Let k(b) = -b**2 + 11*b - 14. Let u be k(5). Let f = 30 - u. Is 3 a factor of f?
False
Suppose 0 = -9*w + 11*w - 10. Suppose 0 = -5*r + 5*l + 125, -3*r - 50 = -w*r + 3*l. Suppose 15*y + r = 20*y. Does 3 divide y?
False
Let s(t) = -t + 1. Let g be s(1). Suppose g = 5*j + 14 - 84. Does 7 divide j?
True
Let m(b) = b**2 + 8*b - 14. Suppose 12 - 2 = -t. Let r be m(t). Suppose r*w - 3*w = 177. Is w a multiple of 10?
False
Let m = -29 - 7. Let d be 21/2 - m/(-24). Let q(o) = o + 7. Is q(d) a multiple of 16?
True
Let p(l) be the third derivative of 13*l**5/30 - 7*l**4/24 - 5*l**3/2 - 45*l**2. Is 18 a factor of p(-2)?
False
Suppose -4*y + 36 = 4*z, 5*z + 2*y - 27 = 6*y. Suppose 5*w - 71 = z*j - 3*j, 0 = -2*j + 2*w - 34. Let c = j + 50. Is 18 a factor of c?
True
Let l(j) = 6*j - j - 29 + 5 - 3*j. Let a be l(11). Is 3*(1 + a) - -16 a multiple of 3?
False
Suppose l + 2508 = 5*l - 2*k, -4*l = -5*k - 2496. Does 8 divide l?
False
Let p = -8 - -8. Suppose -5*q - 5*d = -320, p = -5*q - d - 116 + 432. Is 21 a factor of q?
True
Suppose -5*y = 2*r - 554, 46*r - 48*r - y = -554. Is r a multiple of 9?
False
Let m(y) = 2*y**3 - 6*y**2 + 6*y - 9. Let k(p) = 3*p - 13. Let d be k(6). Is 15 a factor of m(d)?
False
Let j(w) = -14 + 27*w - 10*w - w**3 + 8*w**2 + 6*w. Is 3 a factor of j(10)?
False
Let r(q) = q + 13. Let u be r(27). Let v = -6 + 30. Let c = u - v. Is c a multiple of 16?
True
Suppose 0*a - 2*x = 4*a - 2182, a = 2*x + 548. Suppose 0 = -9*v + a + 633. Is 37 a factor of v?
False
Let a be (-6)/(-24) + (-38)/(-8). Suppose 5*b + 5 = -a*m, b = -3*b - 16. Let j(g) = g**3 + g - 2. Is j(m) a multiple of 10?
False
Let h = -2831 + 4736. Is 15 a factor of h?
True
Let z(x) = -47*x + 458. Does 7 divide z(9)?
True
Suppose -v + 79 = -2*u - 106, 0 = 5*u - 5. Let o = v + -55. Is o a multiple of 11?
True
Let x(q) = -q**2 + 6*q + 4. Let w be x(6). Suppose 0 = w*c + 4*z + 27 + 5, -3*z + 24 = -c. Does 15 divide (9/(-6))/(c/248)?
False
Let n(y) = 80*y - 330. Is n(7) a multiple of 5?
True
Let p be (-7 - -1)*8/(-12). Suppose 4*l - l + 163 = s, p*s - 639 = -l. Suppose 8*r - 3*r = s. Is 8 a factor of r?
True
Let q be 5/3*(-29 + 26). Is 2 a factor of 6 + 0 - (-1 - q)?
True
Let f(q) = 7*q**3 + 13*q - 8. Let u(a) = a**3 + a**2 + a - 1. Let t(p) = f(p) - 6*u(p). Is 2 a factor of t(5)?
True
Suppose 0 = -4*r + 3231 + 1681. Does 22 divide r?
False
Let n(k) = 12*k**2 + k. Suppose f = 3*c, -5*c + f = -3*c - 1. Let w be n(c). Let b = w + 2. Is b a multiple of 13?
True
Let y(f) = -29*f + 1. Suppose 5 = -u + 4. Is y(u) a multiple of 4?
False
Suppose c + u - 7 = -3, -18 = -3*c - 5*u. Is c - 1 - -1 - -143 a multiple of 28?
False
Let c = 487 - -598. Is 91 a factor of c?
False
Suppose -8*f + 34 = -526. Does 10 divide f?
True
Let w = 708 + -2. Is w a multiple of 54?
False
Let o = 63 + -69. Let t(l) = 7 + l + 3*l - 3 + l**2. Does 11 divide t(o)?
False
Suppose -51*o + 1232 = -44*o. Is o a multiple of 16?
True
Let p(s) = s**2 - 3*s + 217. Let i(t) = -t**2 + 15*t - 14. Let o be i(14). Does 42 divide p(o)?
False
Suppose 230 = -8*h + 1574. Is h a multiple of 7?
True
Let i = 4546 - 2422. Does 59 divide i?
True
Let p be ((-4)/(-10))/((-1)/(-180)). Suppose 10 = 5*c, 3*c - 11 = -3*r + 2*c. Suppose 2*a - 108 = -3*u, -5*a + p + 198 = -r*u. Is a a multiple of 18?
True
Let s(z) = 17*z**2 - 10*z + 11. Let i(n) = 18*n**2 - 11*n + 10. Let u(r) = -4*i(r) + 5*s(r). Is u(3) a multiple of 19?
True
Suppose 2*w + 115 = 7*w + 5*u, w = u + 25. Does 4 divide w?
True
Suppose -2*s - 2*r - 570 = -1708, 0 = -4*s - r + 2279. Does 29 divide s?
False
Let c(o) = 4*o**2 - 7*o - 4. Let f be c(4). Suppose -5*d = -4*h + 20, -2*d - f = -5*h + h. Is h a multiple of 10?
True
Let d(x) = x**3 - x**2 + 2. Let q be d(2). Let f be 0*(q/4)/(-3). Suppose f*p - 2*c = -3*p + 80, 74 = 3*p - 5*c. Is p a multiple of 7?
True
Let n = -29 - -48. Let m = n + 9. Suppose c - m = -3*c. Is c a multiple of 7?
True
Suppose 5*i + 2*d = 4*d + 8, i = -3*d - 12. Suppose i = -14*l + 6*l + 1272. Is 13 a factor of l?
False
Suppose -4*b + i + 348 = -3*i, 2 = 2*i. Let g = 8 + b. Does 12 divide g?
True
Suppose 4*i = -n - 2*n + 10, -3*n = -4*i + 22. Suppose -i*o = 2*a - 190, a - 3*a = -5*o - 154. Does 29 divide a?
True
Is ((-6)/8)/(5/(-13600)*2) a multiple of 34?
True
Suppose 0 = -2*f + f + 2*p - 51, -2*f - 93 = -p. Let h(s) = -3*s**3 - 2*s**2 + s - 1. Let i be h(2). Let g = i - f. Is 4 a factor of g?
False
Let t(f) = 20*f**2 - 34*f + 8. Is 57 a factor of t(6)?
False
Let o(b) = 3*b - 5. Let u be o(8). Let r = u - 24. Let x = r + 16. Does 11 divide x?
True
Let q = -10 + 15. Let j be (-2)/4*(-370)/q. Suppose 2*s - j = -3*t - 2*t, -2*s + 45 = -3*t. Is s a multiple of 6?
False
Let d be ((-3)/(-4))/(2/(-96)). Let a = -19 - d. Suppose -4*l + 2*b - 33 = -119, -5*b - a = -l. Is 11 a factor of l?
True
Suppose 3*k + 4 = v, 5*v + 2*k + 2*k + 18 = 0. Let m be 3*1 + (-4)/v. Suppose -m*g = -2*o - 28, 7*g - 4*o - 20 = 3*g. Is g a multiple of 3?
True
Suppose -4*z - 5*m - 8 = -34, 5*z - 26 = -3*m. Suppose c + 13 = -t + z*c, 12 = 3*c. Does 12 divide -3 - 13/t - -2?
True
Suppose 10*r - 5*h = 6*r + 1931, -r + 3*h = -481. Is 22 a factor of r?
True
Suppose -260 = -0*h - 5*h. Let k be 3*(2 + -4)/(-2). Suppose -x - h = -k*x. Is x a multiple of 26?
True
Let u = -538 - -1051. Is 9 a factor of u?
True
Let n = 117 + -66. Suppose 3*g - n = -0*y - 3*y, 0 = y. Is g a multiple of 7?
False
Let b be (12/(-42))/(2/(-238)). Let a = b + -26. Is a even?
True
Suppose -3 = -t + 1. Suppose -y + 5 = y - 3*m, -t*y = -2*m - 14. Is y even?
True
Let f(i) = 2*i - 15. Let x be f(12). Let v(p) = 5*p**2 - 57*p + 28. Let b(d) = d**2 - 14*d + 7. Let o(w) = x*b(w) - 2*v(w). Does 9 divide o(-10)?
True
Suppose 3*v - 5*q - 2216 = v, -v = 5*q - 1138. Does 13 divide v?
True
Suppose -3*d = 2*d. Does 7 divide (-189)/(-7) - (-1 + d)?
True
Let w(b) = 11*b**2 + 5*b - 7. Let p be w(5). Suppose -52 = -3*h + p. Suppose -235 = -4*o - z, 2*z + h = 3*o - 64. Is 26 a factor of o?
False
Let f(o) = 49*o**2 - 11*o + 42. Is 25 a factor of f(3)?
True
Let f be (2*14/(-4))/1. Let a